 remainder when z(0) is divided by h.
9
Let n(m) = m**2 + 11*m + 10. Let x be n(-11). Suppose -2*y = -18 - x. Suppose -7*h + 259 + y = 0. Calculate the remainder when h is divided by 10.
9
Let i(p) = -273*p + 4500. What is the remainder when 280 is divided by i(16)?
16
Let s(k) = -408*k - 9. Let r be s(-1). Suppose -5*h + 432 = -2*z, 4*h + 3*z = -58 + r. Suppose 0 = 2*q - 36 - 8. Calculate the remainder when h is divided by q.
20
Let t = 3995 + -3841. Calculate the remainder when t is divided by 82.
72
Suppose -104*h + 780 = -158*h + 93*h. Let b = -94 + 52. Calculate the remainder when ((-8)/6)/(1/b) is divided by h.
16
Let r(x) = 12 + 8 + 31 + x. Suppose -6*y - 24 = -j - 3*y, 3*j - 62 = 4*y. What is the remainder when r(0) is divided by j?
15
Suppose -l + 8 = y - 3*l, -4*y = 2*l - 52. Suppose 0 = 4*w + 3*v - 178, -54 = -217*w + 216*w + 4*v. Calculate the remainder when w is divided by y.
10
Let f = 13003 + -12873. What is the remainder when f is divided by 11?
9
Let i(u) be the third derivative of u**5/60 + 7*u**4/24 - 34*u**3/3 + 2*u**2 - 32. Calculate the remainder when 47 is divided by i(-13).
7
What is the remainder when (((-2170)/(-6))/(-7))/(175/(-4410)) is divided by 69?
60
Suppose 187*l - 2775 = 26210. Suppose -5*t + 5*f + 60 = 0, -2*t - 3*t - 4*f = -69. What is the remainder when l is divided by t?
12
Suppose -v - 3*v = -448. Suppose -13197 = 72*h - 320*h - 4269. Calculate the remainder when v is divided by h.
4
Suppose 4*y + s - 7 = 0, y + 2*s = -44 + 51. Suppose 5*t + 11 = 1. What is the remainder when t - (-1)/(y/25) is divided by 13?
10
Suppose -2*y - 3 + 12 = 5*b, 3*b - 2*y = 15. Suppose 0*i + 6 = b*i, -t + 92 = i. Suppose -t = -5*g + 30. Calculate the remainder when 118 is divided by g.
22
Let x = -17873 + 17944. Calculate the remainder when 5463 is divided by x.
67
Suppose -4*i = i - 1320. Let y(t) = 7*t**2 + 131*t + 431. Calculate the remainder when i is divided by y(-4).
17
Suppose 4*f + 181 = -163. Let g = -77 - f. Calculate the remainder when 87 is divided by g.
6
Let d(u) = -u**3 - 3*u**2 + 3*u + 3. Suppose 4 = m - 2*m. Let s = 5325 + -5298. Calculate the remainder when s is divided by d(m).
6
Let q(k) = 4*k**2 - 6*k - 1. Let p(t) = 5*t**2 - 8*t - 1. Let a(n) = 2*p(n) - 3*q(n). Calculate the remainder when a(0) is divided by 1.
0
Suppose -1202 - 1822 = -20*v - 8*v. What is the remainder when v is divided by 94?
14
Let d = 47553 + -34361. Calculate the remainder when d is divided by 167.
166
Let y(b) = b**2 - 7*b - 11. Suppose 114 = 13*h - 133. Calculate the remainder when y(15) is divided by h.
14
Suppose -d = -3*d. Suppose d = -187*p + 188*p - 47. Calculate the remainder when p is divided by 7.
5
Suppose -k - 10 = 4*k - 4*l, 2*l - 18 = -4*k. Suppose i + 0*y - 312 = 4*y, -8 = -k*y. Suppose 9*t - 5*t = i. What is the remainder when t is divided by 17?
14
Suppose -27 = 3*k - 3*n, -2*k = 4*n - 0 - 6. Calculate the remainder when (-9 + 1)*70/k is divided by 57.
55
Let s(m) = m**2 - 32*m - 72. What is the remainder when s(-8) is divided by 237?
11
Let z = 5253 + -5173. What is the remainder when 302 is divided by z?
62
Let x(p) = -78 - 13*p + 153 + 138. What is the remainder when 487 is divided by x(11)?
67
Suppose 339 = 4*p - 3*l, 3*p + p - 5*l - 349 = 0. Calculate the remainder when p is divided by 24.
9
Let a(g) = -g**3 + 6*g**2 + 15*g - 32. Let d be a(3). What is the remainder when (1*d/(-24))/((-2)/48) is divided by 17?
6
Let u = 58 + -18. Let j(w) = -36*w - 2. Let n be j(-1). Let c = n + -28. Calculate the remainder when u is divided by c.
4
Suppose -3*f + 10*s + 58 = 6*s, 5*s = -3*f + 22. Suppose -10 = 9*m - f*m. Let n(j) = -4*j - 7. What is the remainder when n(-3) is divided by m?
1
Suppose -4*b - 22 = -2*t - 3*t, -2*t = b - 1. Suppose -16 = -4*m - t*f + 22, -f - 3 = 0. What is the remainder when 97 is divided by m?
9
Let n be -2*(7 - 511/(-14)). Let g = 124 + n. What is the remainder when g is divided by 33?
4
Let b be 51/(-68)*(1 + 143). What is the remainder when 447 is divided by (-12)/(-6) + b/(-2)?
55
Let b = -3840 - -3859. Calculate the remainder when 2027 is divided by b.
13
Suppose 0 = -17*x - 67*x + 6720. Calculate the remainder when x is divided by (-6)/(-21) + (-248)/(-14).
8
Let b(j) = -3*j - 42. What is the remainder when (5*13)/((-14 + 22)/16) is divided by b(-29)?
40
Let r(i) = -15*i**2 + 2383*i + 396. What is the remainder when 767 is divided by r(159)?
65
Suppose 15468*g - 1638 = 15447*g. Calculate the remainder when 294 is divided by g.
60
Suppose -13753*q + 6696 = -13726*q. What is the remainder when 288 is divided by q?
40
Suppose 487*n = 488*n - 2865. Calculate the remainder when n is divided by 1430.
5
Suppose -1524*h + 1562*h = 212230. Calculate the remainder when h is divided by 9.
5
Suppose 0 = 43*s + 41*s - 9576. Calculate the remainder when 1479 is divided by s.
111
Let l = -362 + 363. Let h = -52 + 63. What is the remainder when h is divided by l?
0
Let a(h) = -h + 7. Let i be a(3). Suppose -2*r = -i, 0 = -4*n - n - 2*r + 109. Suppose -63*s = -20*s - 258. What is the remainder when n is divided by s?
3
Let f(u) = 722*u**3 - 2*u**2 + 7*u - 6. What is the remainder when f(1) is divided by 124?
101
Suppose 5*o - 314*z = -318*z + 1012, z + 839 = 4*o. What is the remainder when 1032 is divided by o?
200
Let t be (70/(-30))/((-2)/(-6)). Let d(w) = w**2 - 6*w + 9. Let i(n) = n**2 + 4*n - 11. Calculate the remainder when d(t) is divided by i(-8).
16
Suppose 0*t + 30 = a - 2*t, -a = 3*t - 5. Let n(c) = -3*c**2 + 9*c**2 + 4 - 1. Calculate the remainder when n(3) is divided by a.
17
Suppose -23*z + 25*z - 8 = 0. Let i(s) = -s**3 + 4*s**2 + 9*s - 13. What is the remainder when 102 is divided by i(z)?
10
Let j(z) = -z**3 + 8*z**2 - 5*z - 2. Let u be 9/(18/(-40)) - -1. Let v(f) = f**3 + 20*f**2 + 8*f. Calculate the remainder when v(u) is divided by j(4).
41
Suppose 16*y - 65 = 17*y. Let h = y - -68. Suppose 25 = 5*l, 4*x = h*x - 3*l + 26. Calculate the remainder when 53 is divided by x.
9
Suppose 11*a - 14*a = -219. Suppose a*x - 91 = 72*x. Suppose 2*t - 5*t + 69 = 0. What is the remainder when x is divided by t?
22
Suppose -1408 + 43 = -3*g. Let k = 675 - g. What is the remainder when k is divided by 28?
24
Let s = 817 - 699. What is the remainder when s is divided by 18?
10
Let p = -29533 - -29618. What is the remainder when 1966 is divided by p?
11
What is the remainder when 15 - (-6 + -1956) - -19 is divided by 20?
16
Suppose -3*j = -u - 7*u - 334, -4*j = 5*u - 461. Calculate the remainder when ((-38)/j)/(1/(-240)) is divided by 19.
4
Suppose g + 1 = i + 4, 0 = 8*i - 3*i. Let c = 253 - 140. Suppose c + 226 = g*n. What is the remainder when n is divided by 38?
37
Suppose 352*s = 235*s - 570*s + 184803. Calculate the remainder when s is divided by 133.
3
Let s(d) = 6*d**3 + 211*d**2 + 36*d + 73. What is the remainder when 2393 is divided by s(-35)?
37
Suppose u - 1 = -5. Calculate the remainder when (-1 + 55)*u/(4 + -6) is divided by 32.
12
Suppose 164 - 182 = -3*p, 2*b - 382 = p. Calculate the remainder when 198 is divided by b.
4
Let z = -137 + 162. Suppose -65 = -3*f + 4*q, 0 = -3*f - q - 3*q + z. Calculate the remainder when 101 is divided by f.
11
Suppose x + 20 = -5*h - 3*x, 3*h + x = -5. Let y(d) = 4*d - 1322 + 2652 - d**3 - 1303. Calculate the remainder when 77 is divided by y(h).
23
Suppose y + 5*l - 3 = 0, -l - 3*l - 48 = -2*y. Let f be 2/((-4)/(-1586))*-1 - -1. Calculate the remainder when f/(-15) - (-1)/(-10)*-2 is divided by y.
17
Suppose 0 = 12*v - 9*v + 2*g - 20, -2*g = -2. Suppose -11*y = v*y - 612. What is the remainder when y is divided by 13?
10
Suppose -k = 0, g + 3*g = 5*k + 1564. Suppose -5*b - 56*y + g = -53*y, 0 = 3*y + 9. Calculate the remainder when b is divided by 26.
2
Suppose -5*s - 11 = 4*a, 0 = -a + 6*s - 5*s + 4. Calculate the remainder when -4 + a - (-56 - (2 - 2)) is divided by 11.
9
Suppose -4*v + 2 = 10. Suppose 19*c - 1 = -96. What is the remainder when 59 is divided by 8*2 - v - (-15)/c?
14
Suppose 6*v - 2*v = 3*f, -4*f = 4*v - 56. Calculate the remainder when 4533 is divided by f.
5
Suppose -13*n + 126 = 9. Let y(h) = -h**2 + 11*h + 6. What is the remainder when 381 is divided by y(n)?
21
Suppose 5*o + 4*i - 7 = 34, i + 16 = 4*o. Let u be (o*11)/(17/85). Let